{"id":740,"date":"2014-08-25T07:24:33","date_gmt":"2014-08-25T07:24:33","guid":{"rendered":"http:\/\/vdamk.hu\/?page_id=740"},"modified":"2015-10-20T06:54:18","modified_gmt":"2015-10-20T06:54:18","slug":"damjanich-ut","status":"publish","type":"page","link":"https:\/\/vdamk.hu\/?page_id=740","title":{"rendered":"&#8222;Csicserg\u0151 \u00d3voda&#8221; &#8211; Damjanich \u00fat"},"content":{"rendered":"<h3>Bemutatkoz\u00e1s<\/h3>\n<p style=\"text-align: justify;\">Az \u00f3vod\u00e1nk \u00e9p\u00fclete Kunszentmikl\u00f3son, a Damjanich \u00fat 22 sz\u00e1m alatt tal\u00e1lhat\u00f3. Ez az \u00e9p\u00fclet nagyon r\u00e9gi. 1878-ban Bors K\u00e1rolyn\u00e9 (Csap\u00f3 R\u00f3za) a v\u00e1rosnak aj\u00e1nd\u00e9kozta lak\u00f3h\u00e1z\u00e1t. V\u00e9gakarat\u00e1ban kik\u00f6t\u00f6tte, hogy az \u00e9p\u00fclet minden id\u0151ben csak \u00f3vodai c\u00e9lra haszn\u00e1lhat\u00f3. Az \u00f3voda 1880. m\u00e1rcius 9-\u00e9n ny\u00edlt meg, egyleti form\u00e1ban m\u0171k\u00f6d\u00f6tt. Nagy volt az ig\u00e9ny az \u00f3vodai ell\u00e1t\u00e1sra. A zs\u00fafolts\u00e1g elker\u00fcl\u00e9se miatt 1901-ben Gr\u00f3f Nemes N\u00e1ndorn\u00e9 (B\u00e1r\u00f3 Ransonett Erzs\u00e9bet) az \u00e9p\u00fcletet \u00e1t\u00e9p\u00edtette. Az adom\u00e1ny t\u00e9ny\u00e9t m\u00e1rv\u00e1nyt\u00e1bla \u0151rzi a homlokzat utcai frontj\u00e1n.<\/p>\n<p style=\"text-align: justify;\"><img loading=\"lazy\" decoding=\"async\" class=\"alignnone size-large wp-image-741\" src=\"https:\/\/vdamk.hu\/wp-content\/uploads\/2014\/08\/\u00f3voda-\u00e9p\u00fclete-1024x768.jpg\" alt=\"\u00f3voda \u00e9p\u00fclete\" width=\"598\" height=\"448\" srcset=\"https:\/\/vdamk.hu\/wp-content\/uploads\/2014\/08\/\u00f3voda-\u00e9p\u00fclete-1024x768.jpg 1024w, https:\/\/vdamk.hu\/wp-content\/uploads\/2014\/08\/\u00f3voda-\u00e9p\u00fclete-300x225.jpg 300w\" sizes=\"(max-width: 598px) 100vw, 598px\" \/><\/p>\n<p style=\"text-align: justify;\">Az \u00f3voda jelenleg 3 csoporttal m\u0171k\u00f6dik, 75 gyereket tudunk elhelyezni benne. K\u00f6zponti fekv\u00e9s\u00e9nek k\u00f6sz\u00f6nhet\u0151en nagyon n\u00e9pszer\u0171 a sz\u00fcl\u0151k k\u00f6r\u00e9ben.<\/p>\n<h3 style=\"text-align: justify;\">\u00d3vodai nevel\u00e9s\u00fcnkr\u0151l<\/h3>\n<p>Hirdetj\u00fck a gyermekk\u00f6zpont\u00fa, szeretetteljes, csal\u00e1dias \u00f3vodai l\u00e9gk\u00f6rt. Hangs\u00falyozzuk a gyermekek testi- lelki gondoz\u00e1s\u00e1t, az \u00e9rzelmi biztons\u00e1g megteremt\u00e9s\u00e9t \u00e9s a szocializ\u00e1ci\u00f3 min\u00e9l teljesebb kibontakoztat\u00e1s\u00e1t a csal\u00e1di nevel\u00e9ssel egy\u00fctt. Szem\u00e9lyis\u00e9gfejleszt\u00e9s sz\u00edntere a j\u00e1t\u00e9k, a j\u00e1tszva tanul\u00e1s. A komplex j\u00e1t\u00e9kos tev\u00e9kenys\u00e9gek a jeles napokhoz, hagyom\u00e1nyokhoz kapcsol\u00f3dnak. . \u00a0N\u00e9phagyom\u00e1ny\u0151rz\u0151 programmal dolgozunk. Fontosnak tartjuk a lak\u00f3hely\u00fcnk szok\u00e1sainak, hagyom\u00e1nyainak, kultur\u00e1lis \u00e9rt\u00e9keinek az \u00f6sszegy\u0171jt\u00e9s\u00e9t meg\u0151rz\u00e9s\u00e9t \u00e9s tov\u00e1bbad\u00e1s\u00e1t a j\u00f6v\u0151 sz\u00e1m\u00e1ra. C\u00e9lunk a n\u00e9phagyom\u00e1ny adta lehet\u0151s\u00e9geken kereszt\u00fcl a kulcskompetenci\u00e1k fejleszt\u00e9se, mely a gyermek mindenek felett \u00e1ll\u00f3 \u00e9rdek\u00e9t, az \u00e9letre val\u00f3 felk\u00e9sz\u00edt\u00e9s\u00e9t tartja szem el\u0151tt. Nevel\u00e9s\u00fcnkben a j\u00e1t\u00e9k \u00e9s tanul\u00e1s nem v\u00e1laszthat\u00f3 el egym\u00e1st\u00f3l. J\u00e1t\u00e9k k\u00f6zben a gyermek probl\u00e9m\u00e1k el\u00e9 ker\u00fcl, feladatot kap \u00e9s old meg. Kialakul \u00e9s fejl\u0151dik \u00f6n\u00e1ll\u00f3s\u00e1ga , feladattudata,\u00a0 kezdem\u00e9nyez\u0151, \u00a0alkot\u00f3 \u00e9s szervez\u0151 k\u00e9pess\u00e9ge. A val\u00f3di tud\u00e1s az, amit a gyermek maga fejt meg, \u00e9s cselekv\u00e9sen kereszt\u00fcl saj\u00e1t\u00edt el. A tanul\u00e1s jelen van az eg\u00e9sz \u00f3vodai nap folyam\u00e1n ad\u00f3d\u00f3 helyzetekben, term\u00e9szetes \u00e9s szimul\u00e1lt k\u00f6rnyezetben, az \u00f3vodapedag\u00f3gus \u00e1ltal kezdem\u00e9nyezett tev\u00e9kenys\u00e9gi form\u00e1kban:<\/p>\n<ul>\n<li>J\u00e1t\u00e9k<\/li>\n<li>Tanul\u00e1s<\/li>\n<li>Vers, mese (n\u00e9pmes\u00e9k, mond\u00f3k\u00e1k)<\/li>\n<li>\u00c9nek- zene, \u00e9nekes j\u00e1t\u00e9kok<\/li>\n<li>Rajz, mint\u00e1z\u00e1s, k\u00e9zimunka: t\u00e1rgyk\u00e9sz\u00edt\u0151 n\u00e9pi j\u00e1t\u00e9kok (sz\u00f6v\u00e9s, agyagoz\u00e1s, gy\u00f6ngyf\u0171z\u00e9s, m\u00e9zeskal\u00e1css\u00fct\u00e9s).<\/li>\n<li>K\u00fcls\u0151 vil\u00e1g tev\u00e9keny megismer\u00e9se (jeles napok, n\u00e9pszok\u00e1sok, , gy\u00fcm\u00f6lcsnap).<\/li>\n<li>\u00a0Mozg\u00e1s, mozg\u00e1sos j\u00e1t\u00e9kok (\u00fcgyess\u00e9gi \u00e9s sportj\u00e1t\u00e9kok).<\/li>\n<li>Munka jelleg\u0171 tev\u00e9kenys\u00e9gek.<\/li>\n<\/ul>\n<p>Projektjeink:<\/p>\n<ul>\n<li>Fels\u0151 Kiskuns\u00e1g sz\u0171kebb haz\u00e1m<\/li>\n<li>Kar\u00e1csony (Adventi k\u00e9sz\u00fcl\u0151d\u00e9s, Mikul\u00e1sv\u00e1r\u00e1s, Luc\u00e1z\u00e1s, Kar\u00e1csonyv\u00e1r\u00e1s)<\/li>\n<li>\u00c9n \u00e9s a k\u00f6rnyezetem<\/li>\n<\/ul>\n<p>Jeles napjaink:<\/p>\n<ul>\n<li>Mikul\u00e1s<\/li>\n<li>Advent<\/li>\n<li>Farsang<\/li>\n<li>V\u00edz Vil\u00e1gnapja<\/li>\n<li>H\u00fasv\u00e9t<\/li>\n<li>Any\u00e1k napja<\/li>\n<li>Gyermeknap<\/li>\n<li>\u00c9vz\u00e1r\u00f3 \u00e9s nagyok b\u00facs\u00faztat\u00e1sa<\/li>\n<\/ul>\n<p><img loading=\"lazy\" decoding=\"async\" class=\"alignnone size-large wp-image-742\" src=\"https:\/\/vdamk.hu\/wp-content\/uploads\/2014\/08\/\u00f3voda-udvar-1024x768.jpg\" alt=\"\u00f3voda udvar\" width=\"598\" height=\"448\" srcset=\"https:\/\/vdamk.hu\/wp-content\/uploads\/2014\/08\/\u00f3voda-udvar-1024x768.jpg 1024w, https:\/\/vdamk.hu\/wp-content\/uploads\/2014\/08\/\u00f3voda-udvar-300x225.jpg 300w\" sizes=\"(max-width: 598px) 100vw, 598px\" \/> <a href=\"https:\/\/vdamk.hu\/wp-content\/uploads\/2014\/08\/\u00f3voda-udvar2.jpg\"><img loading=\"lazy\" decoding=\"async\" class=\"alignnone size-large wp-image-743\" src=\"https:\/\/vdamk.hu\/wp-content\/uploads\/2014\/08\/\u00f3voda-udvar2-1024x768.jpg\" alt=\"\u00f3voda udvar2\" width=\"598\" height=\"448\" srcset=\"https:\/\/vdamk.hu\/wp-content\/uploads\/2014\/08\/\u00f3voda-udvar2-1024x768.jpg 1024w, https:\/\/vdamk.hu\/wp-content\/uploads\/2014\/08\/\u00f3voda-udvar2-300x225.jpg 300w\" sizes=\"(max-width: 598px) 100vw, 598px\" \/><\/a><\/p>\n","protected":false},"excerpt":{"rendered":"<p>Bemutatkoz\u00e1s Az \u00f3vod\u00e1nk \u00e9p\u00fclete Kunszentmikl\u00f3son, a Damjanich \u00fat 22 sz\u00e1m alatt tal\u00e1lhat\u00f3. Ez az \u00e9p\u00fclet nagyon r\u00e9gi. 1878-ban Bors K\u00e1rolyn\u00e9 (Csap\u00f3 R\u00f3za) a v\u00e1rosnak aj\u00e1nd\u00e9kozta lak\u00f3h\u00e1z\u00e1t. V\u00e9gakarat\u00e1ban kik\u00f6t\u00f6tte, hogy az \u00e9p\u00fclet minden id\u0151ben csak \u00f3vodai c\u00e9lra haszn\u00e1lhat\u00f3. Az \u00f3voda 1880. m\u00e1rcius 9-\u00e9n ny\u00edlt meg, egyleti form\u00e1ban m\u0171k\u00f6d\u00f6tt. Nagy volt az ig\u00e9ny az \u00f3vodai ell\u00e1t\u00e1sra. A <a class=\"read-more\" href=\"https:\/\/vdamk.hu\/?page_id=740\">Read More<\/a><\/p>\n","protected":false},"author":1,"featured_media":0,"parent":557,"menu_order":0,"comment_status":"closed","ping_status":"closed","template":"","meta":{"footnotes":""},"_links":{"self":[{"href":"https:\/\/vdamk.hu\/index.php?rest_route=\/wp\/v2\/pages\/740"}],"collection":[{"href":"https:\/\/vdamk.hu\/index.php?rest_route=\/wp\/v2\/pages"}],"about":[{"href":"https:\/\/vdamk.hu\/index.php?rest_route=\/wp\/v2\/types\/page"}],"author":[{"embeddable":true,"href":"https:\/\/vdamk.hu\/index.php?rest_route=\/wp\/v2\/users\/1"}],"replies":[{"embeddable":true,"href":"https:\/\/vdamk.hu\/index.php?rest_route=%2Fwp%2Fv2%2Fcomments&post=740"}],"version-history":[{"count":3,"href":"https:\/\/vdamk.hu\/index.php?rest_route=\/wp\/v2\/pages\/740\/revisions"}],"predecessor-version":[{"id":1253,"href":"https:\/\/vdamk.hu\/index.php?rest_route=\/wp\/v2\/pages\/740\/revisions\/1253"}],"up":[{"embeddable":true,"href":"https:\/\/vdamk.hu\/index.php?rest_route=\/wp\/v2\/pages\/557"}],"wp:attachment":[{"href":"https:\/\/vdamk.hu\/index.php?rest_route=%2Fwp%2Fv2%2Fmedia&parent=740"}],"curies":[{"name":"wp","href":"https:\/\/api.w.org\/{rel}","templated":true}]}}

&#8222;Csicsergő Óvoda&#8221; &#8211; Damjanich út

<h3>Bemutatkozás</h3>
<p style="text-align: justify;">Az óvodánk épülete Kunszentmiklóson, a Damjanich út 22 szám alatt található. Ez az épület nagyon régi. 1878-ban Bors Károlyné (Csapó Róza) a városnak ajándékozta lakóházát. Végakaratában kikötötte, hogy az épület minden időben csak óvodai célra használható. Az óvoda 1880. március 9-én nyílt meg, egyleti formában működött. Nagy volt az igény az óvodai ellátásra. A zsúfoltság elkerülése miatt 1901-ben Gróf Nemes Nándorné (Báró Ransonett Erzsébet) az épületet átépítette. Az adomány tényét márványtábla őrzi a homlokzat utcai frontján.</p>
<p style="text-align: justify;"><img loading="lazy" decoding="async" class="alignnone size-large wp-image-741" src="https://vdamk.hu/wp-content/uploads/2014/08/óvoda-épülete-1024x768.jpg" alt="óvoda épülete" width="598" height="448" srcset="https://vdamk.hu/wp-content/uploads/2014/08/óvoda-épülete-1024x768.jpg 1024w, https://vdamk.hu/wp-content/uploads/2014/08/óvoda-épülete-300x225.jpg 300w" sizes="(max-width: 598px) 100vw, 598px" /></p>
<p style="text-align: justify;">Az óvoda jelenleg 3 csoporttal működik, 75 gyereket tudunk elhelyezni benne. Központi fekvésének köszönhetően nagyon népszerű a szülők körében.</p>
<h3 style="text-align: justify;">Óvodai nevelésünkről</h3>
<p>Hirdetjük a gyermekközpontú, szeretetteljes, családias óvodai légkört. Hangsúlyozzuk a gyermekek testi- lelki gondozását, az érzelmi biztonság megteremtését és a szocializáció minél teljesebb kibontakoztatását a családi neveléssel együtt. Személyiségfejlesztés színtere a játék, a játszva tanulás. A komplex játékos tevékenységek a jeles napokhoz, hagyományokhoz kapcsolódnak. .  Néphagyományőrző programmal dolgozunk. Fontosnak tartjuk a lakóhelyünk szokásainak, hagyományainak, kulturális értékeinek az összegyűjtését megőrzését és továbbadását a jövő számára. Célunk a néphagyomány adta lehetőségeken keresztül a kulcskompetenciák fejlesztése, mely a gyermek mindenek felett álló érdekét, az életre való felkészítését tartja szem előtt. Nevelésünkben a játék és tanulás nem választható el egymástól. Játék közben a gyermek problémák elé kerül, feladatot kap és old meg. Kialakul és fejlődik önállósága , feladattudata,  kezdeményező,  alkotó és szervező képessége. A valódi tudás az, amit a gyermek maga fejt meg, és cselekvésen keresztül sajátít el. A tanulás jelen van az egész óvodai nap folyamán adódó helyzetekben, természetes és szimulált környezetben, az óvodapedagógus által kezdeményezett tevékenységi formákban:</p>
<ul>
<li>Játék</li>
<li>Tanulás</li>
<li>Vers, mese (népmesék, mondókák)</li>
<li>Ének- zene, énekes játékok</li>
<li>Rajz, mintázás, kézimunka: tárgykészítő népi játékok (szövés, agyagozás, gyöngyfűzés, mézeskalácssütés).</li>
<li>Külső világ tevékeny megismerése (jeles napok, népszokások, , gyümölcsnap).</li>
<li> Mozgás, mozgásos játékok (ügyességi és sportjátékok).</li>
<li>Munka jellegű tevékenységek.</li>
</ul>
<p>Projektjeink:</p>
<ul>
<li>Felső Kiskunság szűkebb hazám</li>
<li>Karácsony (Adventi készülődés, Mikulásvárás, Lucázás, Karácsonyvárás)</li>
<li>Én és a környezetem</li>
</ul>
<p>Jeles napjaink:</p>
<ul>
<li>Mikulás</li>
<li>Advent</li>
<li>Farsang</li>
<li>Víz Világnapja</li>
<li>Húsvét</li>
<li>Anyák napja</li>
<li>Gyermeknap</li>
<li>Évzáró és nagyok búcsúztatása</li>
</ul>
<p><img loading="lazy" decoding="async" class="alignnone size-large wp-image-742" src="https://vdamk.hu/wp-content/uploads/2014/08/óvoda-udvar-1024x768.jpg" alt="óvoda udvar" width="598" height="448" srcset="https://vdamk.hu/wp-content/uploads/2014/08/óvoda-udvar-1024x768.jpg 1024w, https://vdamk.hu/wp-content/uploads/2014/08/óvoda-udvar-300x225.jpg 300w" sizes="(max-width: 598px) 100vw, 598px" /> <a href="https://vdamk.hu/wp-content/uploads/2014/08/óvoda-udvar2.jpg"><img loading="lazy" decoding="async" class="alignnone size-large wp-image-743" src="https://vdamk.hu/wp-content/uploads/2014/08/óvoda-udvar2-1024x768.jpg" alt="óvoda udvar2" width="598" height="448" srcset="https://vdamk.hu/wp-content/uploads/2014/08/óvoda-udvar2-1024x768.jpg 1024w, https://vdamk.hu/wp-content/uploads/2014/08/óvoda-udvar2-300x225.jpg 300w" sizes="(max-width: 598px) 100vw, 598px" /></a></p>

<p>Bemutatkozás Az óvodánk épülete Kunszentmiklóson, a Damjanich út 22 szám alatt található. Ez az épület nagyon régi. 1878-ban Bors Károlyné (Csapó Róza) a városnak ajándékozta lakóházát. Végakaratában kikötötte, hogy az épület minden időben csak óvodai célra használható. Az óvoda 1880. március 9-én nyílt meg, egyleti formában működött. Nagy volt az igény az óvodai ellátásra. A <a class="read-more" href="https://vdamk.hu/?page_id=740">Read More</a></p>
