{"id":679,"date":"2014-04-02T13:46:56","date_gmt":"2014-04-02T13:46:56","guid":{"rendered":"http:\/\/vdamk.hu\/?page_id=679"},"modified":"2014-04-02T14:07:33","modified_gmt":"2014-04-02T14:07:33","slug":"keop-6-2-0a09-2010-0127","status":"publish","type":"page","link":"https:\/\/vdamk.hu\/?page_id=679","title":{"rendered":"KEOP-6.2.0\/A\/09-2010-0127"},"content":{"rendered":"<h4><span style=\"color: #ff6600;\">Ki\u00edr\u00e1s:<\/span><\/h4>\n<p><strong><span>KEOP-6.2.0\/A\/09-2010-0127<\/span><br \/>\n<span>Ker\u00e9kp\u00e1roz\u00e1ssal a k\u00f6rnyezettudatoss\u00e1g\u00e9rt Kunszentmikl\u00f3son<\/span><br \/>\n<span>Varga Domokos \u00c1ltal\u00e1nos M\u0171vel\u0151d\u00e9si K\u00f6zpont<\/span><\/strong><\/p>\n<p><span>Iskol\u00e1nk a \u201eFenntarthat\u00f3bb \u00e9letm\u00f3dot \u00e9s fogyaszt\u00e1si lehet\u0151s\u00e9geket n\u00e9pszer\u0171s\u00edt\u0151, terjed\u00e9s\u00fcket el\u0151seg\u00edt\u0151 mintaprojektek\u201d keret\u00e9ben rajzp\u00e1ly\u00e1zatot hirdetetett.<\/span><\/p>\n<p><span>C\u00edme<\/span><br \/>\n<strong>A J\u00d6V\u0150 V\u00c1ROSI K\u00d6ZLEKED\u00c9SE<\/strong><\/p>\n<p><span>T\u00e9ma: a fenntarthat\u00f3bb v\u00e1rosi k\u00f6zleked\u00e9s eszk\u00f6zei (ker\u00e9kp\u00e1r, k\u00f6z\u00f6ss\u00e9gi k\u00f6zleked\u00e9s, gyalogl\u00e1s, g\u00f6rkorcsolya vagy egy\u00e9b eszk\u00f6z\u00f6k) \u00e9s azok el\u0151nyei. Milyen megold\u00e1sok lehetnek napjaink v\u00e1rosi k\u00f6zleked\u00e9si probl\u00e9m\u00e1ira, k\u00fcl\u00f6n\u00f6s tekintettel a k\u00f6rnyezetv\u00e9delmi k\u00e9rd\u00e9sekre?<\/span><\/p>\n<p><span>P\u00e1ly\u00e1zni egy darab rajzzal vagy rajzsorozattal lehetett kiz\u00e1r\u00f3lag egy\u00e9nileg.<\/span><\/p>\n<h4><span style=\"color: #ff6600;\">A p\u00e1ly\u00e1zatban k\u00f6zrem\u0171k\u00f6d\u0151 partnereink:<\/span><\/h4>\n<h6><span>Nemzeti Fejleszt\u00e9si \u00dcgyn\u00f6ks\u00e9g<\/span><\/h6>\n<p><a href=\"http:\/\/www.nfu.hu\/\" target=\"_blank\"><span>www.nfu.hu<\/span><\/a><\/p>\n<p><img loading=\"lazy\" decoding=\"async\" alt=\"uszt-infobox\" src=\"http:\/\/kutyafuluek.hu\/wp-content\/uploads\/2013\/03\/uszt-infobox-300x94.png\" width=\"300\" height=\"94\" \/><\/p>\n<h6><span>Energia K\u00f6zpont<\/span><\/h6>\n<p><a href=\"http:\/\/www.energiakozpont.hu\/\" target=\"_blank\"><span>www.energiakozpont.hu<\/span><\/a><\/p>\n<p><span>\u201eKer\u00e9kp\u00e1roz\u00e1ssal a k\u00f6rnyezettudatoss\u00e1g\u00e9rt Kunszentmikl\u00f3son\u201d<\/span><\/p>\n<p><span>\u201eKEOP-6.2.0\/A\/09-2010-0127\u201d<\/span><\/p>\n<h4><span style=\"color: #ff6600;\">Kedvezm\u00e9nyezett neve \u00e9s el\u00e9rhet\u0151s\u00e9ge:<\/span><\/h4>\n<p><strong>Varga Domokos \u00c1ltal\u00e1nos M\u0171vel\u0151d\u00e9si K\u00f6zpont\u00a0<\/strong><br \/>\n<span>Kunszentmikl\u00f3s,<\/span><br \/>\n<span>Damjanich u. 7.<\/span><br \/>\n<span>6090<\/span><\/p>\n<h4><span style=\"color: #ff6600;\">K\u00f6zrem\u0171k\u00f6d\u0151 szervezet neve \u00e9s el\u00e9rhet\u0151s\u00e9ge:<\/span><\/h4>\n<p><strong>Energia K\u00f6zpont Nonprofit Kft.\u00a0<\/strong><br \/>\n<span>Budapest<\/span><br \/>\n<span>V\u00e1ci \u00fat 45<\/span><br \/>\n<span>1134<\/span><\/p>\n<h4><span style=\"color: #ff6600;\">Projekt le\u00edr\u00e1sa:<\/span><\/h4>\n<p><span>A Varga Domokos \u00c1ltal\u00e1nos M\u0171vel\u0151d\u00e9si K\u00f6zpont udvar\u00e1n a KEOP-6.2.0\/A\/09 jel\u0171 p\u00e1ly\u00e1zati forr\u00e1snak k\u00f6sz\u00f6nhet\u0151en, az Eur\u00f3pai Uni\u00f3 \u00e9s az Eur\u00f3pai Region\u00e1lis Fejleszt\u00e9si Alap t\u00e1rsfinansz\u00edroz\u00e1s\u00e1ban k\u00e9t fedett, \u00f6sszesen 100 f\u00e9r\u0151helyes ker\u00e9kp\u00e1rt\u00e1rol\u00f3 \u00e9p\u00fclt. Ez\u00e1ltal lehet\u0151s\u00e9get teremtettek mind a di\u00e1kok, mind az iskola dolgoz\u00f3i r\u00e9sz\u00e9re, hogy ha naponta ker\u00e9kp\u00e1rral j\u00e1rnak iskol\u00e1ba ker\u00e9kp\u00e1rjukat biztons\u00e1gba, tudj\u00e1k.<\/span><\/p>\n<p><span>A ker\u00e9kp\u00e1rt\u00e1rol\u00f3 \u00e1tad\u00e1s\u00e1ra az iskol\u00e1ban 2011. okt\u00f3ber 10-\u00e9n ker\u00fclt sor, ahol az \u00fcnnep\u00e9lyes \u00e1tad\u00f3 ut\u00e1n a di\u00e1kok ker\u00e9kp\u00e1ros \u00fcgyess\u00e9gi versenyeken \u00e9s k\u00f6rnyezetv\u00e9delmi teszteken m\u00e9rhett\u00e9k \u00f6ssze tud\u00e1sukat. A legt\u00f6bb pontot el\u00e9rt als\u00f3s \u00e9s fels\u0151s tanul\u00f3k ker\u00e9kp\u00e1rt nyertek, a tov\u00e1bbi helyezettek, pedig ker\u00e9kp\u00e1ros biztons\u00e1gi felszerel\u00e9seket.<\/span><\/p>\n<p><span>A rendezv\u00e9nyen rajzversenyt is hirdetettek \u201eA j\u00f6v\u0151 v\u00e1rosi k\u00f6zleked\u00e9se\u201d t\u00e9m\u00e1ban, melyben eredm\u00e9nyhirdet\u00e9sre 2011. okt\u00f3ber 21-\u00e9n ker\u00fclt sor.<\/span><\/p>\n<p><span>Az iskola nagy hangs\u00falyt fektet a di\u00e1kok k\u00f6rnyezettudatos \u00e9letvitel\u00e9nek kialak\u00edt\u00e1s\u00e1ra, az eg\u00e9szs\u00e9ges \u00e9letm\u00f3dra nevel\u00e9sre \u00e9s a k\u00f6rnyezet v\u00e9delm\u00e9re. Aki ker\u00e9kp\u00e1rral j\u00e1r iskol\u00e1ba, dolgozni, v\u00e1s\u00e1rolni vagy a szabadidej\u00e9ben teker egy \u00f3r\u00e1t, m\u00e1ris sokat tesz az eg\u00e9szs\u00e9g\u00e9\u00e9rt \u00e9s a k\u00f6rnyezet v\u00e9delm\u00e9\u00e9rt is.<\/span><\/p>\n<h4><span style=\"color: #ff6600;\">Eredm\u00e9nyhirdet\u00e9s:<\/span><\/h4>\n<p><span>\u00a0<i>[slideshow_deploy id=&#8217;729&#8242;]<\/i><\/span><\/p>\n<h4><span style=\"color: #ff6600;\">Tov\u00e1bbi k\u00e9pek:<\/span><\/h4>\n<p><i>[slideshow_deploy id=&#8217;697&#8242;]<\/i><\/p>\n<h4><span style=\"color: #ff6600;\">Z\u00e1r\u00f3rendezv\u00e9ny:<\/span><\/h4>\n<p><i>[slideshow_deploy id=&#8217;711&#8242;]<\/i><\/p>\n","protected":false},"excerpt":{"rendered":"<p>Ki\u00edr\u00e1s: KEOP-6.2.0\/A\/09-2010-0127 Ker\u00e9kp\u00e1roz\u00e1ssal a k\u00f6rnyezettudatoss\u00e1g\u00e9rt Kunszentmikl\u00f3son Varga Domokos \u00c1ltal\u00e1nos M\u0171vel\u0151d\u00e9si K\u00f6zpont Iskol\u00e1nk a \u201eFenntarthat\u00f3bb \u00e9letm\u00f3dot \u00e9s fogyaszt\u00e1si lehet\u0151s\u00e9geket n\u00e9pszer\u0171s\u00edt\u0151, terjed\u00e9s\u00fcket el\u0151seg\u00edt\u0151 mintaprojektek\u201d keret\u00e9ben rajzp\u00e1ly\u00e1zatot hirdetetett. C\u00edme A J\u00d6V\u0150 V\u00c1ROSI K\u00d6ZLEKED\u00c9SE T\u00e9ma: a fenntarthat\u00f3bb v\u00e1rosi k\u00f6zleked\u00e9s eszk\u00f6zei (ker\u00e9kp\u00e1r, k\u00f6z\u00f6ss\u00e9gi k\u00f6zleked\u00e9s, gyalogl\u00e1s, g\u00f6rkorcsolya vagy egy\u00e9b eszk\u00f6z\u00f6k) \u00e9s azok el\u0151nyei. Milyen megold\u00e1sok lehetnek napjaink v\u00e1rosi k\u00f6zleked\u00e9si probl\u00e9m\u00e1ira, k\u00fcl\u00f6n\u00f6s <a class=\"read-more\" href=\"https:\/\/vdamk.hu\/?page_id=679\">Read More<\/a><\/p>\n","protected":false},"author":1,"featured_media":0,"parent":14,"menu_order":0,"comment_status":"closed","ping_status":"closed","template":"","meta":{"footnotes":""},"_links":{"self":[{"href":"https:\/\/vdamk.hu\/index.php?rest_route=\/wp\/v2\/pages\/679"}],"collection":[{"href":"https:\/\/vdamk.hu\/index.php?rest_route=\/wp\/v2\/pages"}],"about":[{"href":"https:\/\/vdamk.hu\/index.php?rest_route=\/wp\/v2\/types\/page"}],"author":[{"embeddable":true,"href":"https:\/\/vdamk.hu\/index.php?rest_route=\/wp\/v2\/users\/1"}],"replies":[{"embeddable":true,"href":"https:\/\/vdamk.hu\/index.php?rest_route=%2Fwp%2Fv2%2Fcomments&post=679"}],"version-history":[{"count":8,"href":"https:\/\/vdamk.hu\/index.php?rest_route=\/wp\/v2\/pages\/679\/revisions"}],"predecessor-version":[{"id":734,"href":"https:\/\/vdamk.hu\/index.php?rest_route=\/wp\/v2\/pages\/679\/revisions\/734"}],"up":[{"embeddable":true,"href":"https:\/\/vdamk.hu\/index.php?rest_route=\/wp\/v2\/pages\/14"}],"wp:attachment":[{"href":"https:\/\/vdamk.hu\/index.php?rest_route=%2Fwp%2Fv2%2Fmedia&parent=679"}],"curies":[{"name":"wp","href":"https:\/\/api.w.org\/{rel}","templated":true}]}}

<h4><span style="color: #ff6600;">Kiírás:</span></h4>
<p><strong><span>KEOP-6.2.0/A/09-2010-0127</span><br />
<span>Kerékpározással a környezettudatosságért Kunszentmiklóson</span><br />
<span>Varga Domokos Általános Művelődési Központ</span></strong></p>
<p><span>Iskolánk a „Fenntarthatóbb életmódot és fogyasztási lehetőségeket népszerűsítő, terjedésüket elősegítő mintaprojektek” keretében rajzpályázatot hirdetetett.</span></p>
<p><span>Címe</span><br />
<strong>A JÖVŐ VÁROSI KÖZLEKEDÉSE</strong></p>
<p><span>Téma: a fenntarthatóbb városi közlekedés eszközei (kerékpár, közösségi közlekedés, gyaloglás, görkorcsolya vagy egyéb eszközök) és azok előnyei. Milyen megoldások lehetnek napjaink városi közlekedési problémáira, különös tekintettel a környezetvédelmi kérdésekre?</span></p>
<p><span>Pályázni egy darab rajzzal vagy rajzsorozattal lehetett kizárólag egyénileg.</span></p>
<h4><span style="color: #ff6600;">A pályázatban közreműködő partnereink:</span></h4>
<h6><span>Nemzeti Fejlesztési Ügynökség</span></h6>
<p><a href="http://www.nfu.hu/" target="_blank"><span>www.nfu.hu</span></a></p>
<p><img loading="lazy" decoding="async" alt="uszt-infobox" src="http://kutyafuluek.hu/wp-content/uploads/2013/03/uszt-infobox-300x94.png" width="300" height="94" /></p>
<h6><span>Energia Központ</span></h6>
<p><a href="http://www.energiakozpont.hu/" target="_blank"><span>www.energiakozpont.hu</span></a></p>
<p><span>„Kerékpározással a környezettudatosságért Kunszentmiklóson”</span></p>
<p><span>„KEOP-6.2.0/A/09-2010-0127”</span></p>
<h4><span style="color: #ff6600;">Kedvezményezett neve és elérhetősége:</span></h4>
<p><strong>Varga Domokos Általános Művelődési Központ </strong><br />
<span>Kunszentmiklós,</span><br />
<span>Damjanich u. 7.</span><br />
<span>6090</span></p>
<h4><span style="color: #ff6600;">Közreműködő szervezet neve és elérhetősége:</span></h4>
<p><strong>Energia Központ Nonprofit Kft. </strong><br />
<span>Budapest</span><br />
<span>Váci út 45</span><br />
<span>1134</span></p>
<h4><span style="color: #ff6600;">Projekt leírása:</span></h4>
<p><span>A Varga Domokos Általános Művelődési Központ udvarán a KEOP-6.2.0/A/09 jelű pályázati forrásnak köszönhetően, az Európai Unió és az Európai Regionális Fejlesztési Alap társfinanszírozásában két fedett, összesen 100 férőhelyes kerékpártároló épült. Ezáltal lehetőséget teremtettek mind a diákok, mind az iskola dolgozói részére, hogy ha naponta kerékpárral járnak iskolába kerékpárjukat biztonságba, tudják.</span></p>
<p><span>A kerékpártároló átadására az iskolában 2011. október 10-én került sor, ahol az ünnepélyes átadó után a diákok kerékpáros ügyességi versenyeken és környezetvédelmi teszteken mérhették össze tudásukat. A legtöbb pontot elért alsós és felsős tanulók kerékpárt nyertek, a további helyezettek, pedig kerékpáros biztonsági felszereléseket.</span></p>
<p><span>A rendezvényen rajzversenyt is hirdetettek „A jövő városi közlekedése” témában, melyben eredményhirdetésre 2011. október 21-én került sor.</span></p>
<p><span>Az iskola nagy hangsúlyt fektet a diákok környezettudatos életvitelének kialakítására, az egészséges életmódra nevelésre és a környezet védelmére. Aki kerékpárral jár iskolába, dolgozni, vásárolni vagy a szabadidejében teker egy órát, máris sokat tesz az egészségéért és a környezet védelméért is.</span></p>
<h4><span style="color: #ff6600;">Eredményhirdetés:</span></h4>
<p><span> <i>[slideshow_deploy id=&#8217;729&#8242;]</i></span></p>
<h4><span style="color: #ff6600;">További képek:</span></h4>
<p><i>[slideshow_deploy id=&#8217;697&#8242;]</i></p>
<h4><span style="color: #ff6600;">Zárórendezvény:</span></h4>
<p><i>[slideshow_deploy id=&#8217;711&#8242;]</i></p>

<p>Kiírás: KEOP-6.2.0/A/09-2010-0127 Kerékpározással a környezettudatosságért Kunszentmiklóson Varga Domokos Általános Művelődési Központ Iskolánk a „Fenntarthatóbb életmódot és fogyasztási lehetőségeket népszerűsítő, terjedésüket elősegítő mintaprojektek” keretében rajzpályázatot hirdetetett. Címe A JÖVŐ VÁROSI KÖZLEKEDÉSE Téma: a fenntarthatóbb városi közlekedés eszközei (kerékpár, közösségi közlekedés, gyaloglás, görkorcsolya vagy egyéb eszközök) és azok előnyei. Milyen megoldások lehetnek napjaink városi közlekedési problémáira, különös <a class="read-more" href="https://vdamk.hu/?page_id=679">Read More</a></p>
