{"id":561,"date":"2014-02-25T09:42:17","date_gmt":"2014-02-25T09:42:17","guid":{"rendered":"http:\/\/vdamk.hu\/?page_id=561"},"modified":"2014-02-25T10:25:50","modified_gmt":"2014-02-25T10:25:50","slug":"nevadonk-varga-domokos","status":"publish","type":"page","link":"https:\/\/vdamk.hu\/?page_id=561","title":{"rendered":"N\u00e9vad\u00f3nkr\u00f3l"},"content":{"rendered":"<h1><img loading=\"lazy\" decoding=\"async\" alt=\"varga.domokos\" src=\"http:\/\/kutyafuluek.hu\/wp-content\/uploads\/2014\/02\/varga.domokos.jpg\" width=\"250\" height=\"300\" \/><\/h1>\n<p>(Kunszentmikl\u00f3s, 1922. okt\u00f3ber 8. \u2013 Budapest, 2002. m\u00e1jus 12.) magyar \u00edr\u00f3, \u00fajs\u00e1g\u00edr\u00f3.<br \/>\nVarga Tam\u00e1s matematikatan\u00e1r testv\u00e9re. (csal\u00e1dn\u00e9v: Vargha)<\/p>\n<h2>\u00c9lete<\/h2>\n<p>A J\u00f3zsef N\u00e1dor M\u0171egyetem Erd\u0151m\u00e9rn\u00f6ki Kar\u00e1n szerzett diplom\u00e1t 1944-ben.<br \/>\n1945-1946-ban Debrecenben m\u00e9rn\u00f6k, 1946-t\u00f3l a debreceni N\u00e9plap munkat\u00e1rsa.<br \/>\n1947-t\u0151l a Cserk\u00e9szfi\u00fak, a M\u00e1rcius Tizen\u00f6t\u00f6dike szerkeszt\u0151je.<br \/>\n1948-1949-ben a Szabad N\u00e9pn\u00e9l, k\u00e9s\u0151bb, 1954-1956 k\u00f6z\u00f6tt az Irodalmi \u00dajs\u00e1gn\u00e1l dolgozott.<br \/>\n1949-1952 k\u00f6z\u00f6tt a Magyar R\u00e1di\u00f3 munkat\u00e1rsa, ut\u00e1na 2 \u00e9vig szabadfoglalkoz\u00e1s\u00fa \u00edr\u00f3.<br \/>\n1950-ben kiz\u00e1rt\u00e1k a p\u00e1rtb\u00f3l, mivel feles\u00e9ge f\u00e9ltestv\u00e9re volt a Rajk-per egyik v\u00e1dlottj\u00e1nak.<br \/>\nAz 1953. j\u00faniusi politikai fordulat ut\u00e1n Nagy Imre reformt\u00f6rekv\u00e9seinek t\u00e1mogat\u00f3ja. A forradalom alatt r\u00e1di\u00f3m\u0171sorokat k\u00e9sz\u00edtett.<br \/>\n1956. november 12-\u00e9n &#8222;Forradalmi Ifj\u00fas\u00e1g&#8221; al\u00e1\u00edr\u00e1ssal szovjetellenes r\u00f6plapot k\u00e9sz\u00edtett. 1956. november 14-\u00e9n a KMT \u00fcl\u00e9s\u00e9n felolvasta Bib\u00f3 Istv\u00e1n kibontakoz\u00e1si tervezet\u00e9t, melyet T\u00f3bi\u00e1s \u00c1ronnal a Magyar \u00cdr\u00f3sz\u00f6vets\u00e9g (1956) titk\u00e1rainak j\u00f3v\u00e1hagy\u00e1s\u00e1val vittek magukkal az \u00fcl\u00e9sre.<br \/>\n1957. janu\u00e1r 20-\u00e1n letart\u00f3ztatt\u00e1k. 1957. okt\u00f3ber 9-\u00e9n a Legfels\u0151bb B\u00edr\u00f3s\u00e1g 2 \u00e9v b\u00f6rt\u00f6nb\u00fcntet\u00e9sre \u00edt\u00e9lte.<br \/>\n1958-ban szabadult. 1958-1968 k\u00f6z\u00f6tt erd\u0151m\u00e9rn\u00f6kk\u00e9nt dolgozott, majd az \u00c9let \u00e9s Irodalom munkat\u00e1rsa lett.<br \/>\n1970-t\u0151l szabadfoglalkoz\u00e1s\u00fa \u00edr\u00f3.<br \/>\n1992-t\u0151l a Lyukas\u00f3ra szerkeszt\u0151je.<\/p>\n<h2>D\u00edjai<\/h2>\n<ul>\n<li>J\u00f3zsef Attila-d\u00edj (1973)<\/li>\n<li>IBBY-d\u00edj (1986)<\/li>\n<li>Magyar K\u00f6zt\u00e1rsas\u00e1gi \u00c9rdemrend k\u00f6z\u00e9pkeresztje (1992)<\/li>\n<li>Arany J\u00e1nos-d\u00edj (1997)<\/li>\n<li>K\u00e1roli G\u00e1sp\u00e1r-d\u00edj (1998)<\/li>\n<li>Kossuth-d\u00edj (2002)<\/li>\n<\/ul>\n<h2>M\u0171vei<\/h2>\n<ul>\n<li>Ormai \u00c1rp\u00e1dn\u00e9 sztahanovista sz\u00f6v\u0151n\u0151 \u00e9lete \u00e9s munkam\u00f3dszere (1951)<\/li>\n<li>Pruzsinszky J\u00f3zsef sztahanovista eszterg\u00e1lyos (1951)<\/li>\n<li>Meg\u00fajhod\u00f3 magyar t\u00e1jak (1952)<\/li>\n<li>\u00c9des haz\u00e1nk (1954)<\/li>\n<li>Ipiapacs (1964)<\/li>\n<li>Kutyaf\u00fcl\u0171ek (1966)<\/li>\n<li>Herman Ott\u00f3 (1967)<\/li>\n<li>Erd\u0151ker\u00fcl\u0151ben (1970)<\/li>\n<li>Magyarorsz\u00e1g vir\u00e1gz\u00e1sa \u00e9s roml\u00e1sa (1970)<\/li>\n<li>N\u00e9pek kenyere (1970)<\/li>\n<li>Kamaszkr\u00f3nika (1971)<\/li>\n<li>Fi\u00fakfalva (1972)<\/li>\n<li>\u0150s Napkelet (1973)<\/li>\n<li>Erdei esztend\u0151 (1973)<\/li>\n<li>Vizek k\u00f6nyve (1976)<\/li>\n<li>J\u00f3 j\u00e1t\u00e9k a v\u00edz, a leveg\u0151 (1976)<\/li>\n<li>K\u00f6ly\u00f6kk\u00f3stolgat\u00f3 (1976)<\/li>\n<li>Tisztelt csal\u00e1dom, -od, -ja (1979)<\/li>\n<li>J\u00f3 j\u00e1t\u00e9k a f\u00e9ny, az \u00e1rny\u00e9k (1979)<\/li>\n<li>Aranyhomok (1980)<\/li>\n<li>V\u00e9r \u00e9s arany (1982)<\/li>\n<li>Finn testv\u00e9reink (1982)<\/li>\n<li>B\u00e1bel tornya (1983)<\/li>\n<li>\u00c9g \u00e9s F\u00f6ld (1985)<\/li>\n<li>A vil\u00e1g kereke (1985)<\/li>\n<li>Rejtelmes vil\u00e1g (1990)<\/li>\n<li>Kies Kiskuns\u00e1g, szeretett Szentmikl\u00f3s (1994)<\/li>\n<\/ul>\n","protected":false},"excerpt":{"rendered":"<p>(Kunszentmikl\u00f3s, 1922. okt\u00f3ber 8. \u2013 Budapest, 2002. m\u00e1jus 12.) magyar \u00edr\u00f3, \u00fajs\u00e1g\u00edr\u00f3. Varga Tam\u00e1s matematikatan\u00e1r testv\u00e9re. (csal\u00e1dn\u00e9v: Vargha) \u00c9lete A J\u00f3zsef N\u00e1dor M\u0171egyetem Erd\u0151m\u00e9rn\u00f6ki Kar\u00e1n szerzett diplom\u00e1t 1944-ben. 1945-1946-ban Debrecenben m\u00e9rn\u00f6k, 1946-t\u00f3l a debreceni N\u00e9plap munkat\u00e1rsa. 1947-t\u0151l a Cserk\u00e9szfi\u00fak, a M\u00e1rcius Tizen\u00f6t\u00f6dike szerkeszt\u0151je. 1948-1949-ben a Szabad N\u00e9pn\u00e9l, k\u00e9s\u0151bb, 1954-1956 k\u00f6z\u00f6tt az Irodalmi \u00dajs\u00e1gn\u00e1l dolgozott. 1949-1952 <a class=\"read-more\" href=\"https:\/\/vdamk.hu\/?page_id=561\">Read More<\/a><\/p>\n","protected":false},"author":1,"featured_media":0,"parent":12,"menu_order":0,"comment_status":"closed","ping_status":"closed","template":"","meta":{"footnotes":""},"_links":{"self":[{"href":"https:\/\/vdamk.hu\/index.php?rest_route=\/wp\/v2\/pages\/561"}],"collection":[{"href":"https:\/\/vdamk.hu\/index.php?rest_route=\/wp\/v2\/pages"}],"about":[{"href":"https:\/\/vdamk.hu\/index.php?rest_route=\/wp\/v2\/types\/page"}],"author":[{"embeddable":true,"href":"https:\/\/vdamk.hu\/index.php?rest_route=\/wp\/v2\/users\/1"}],"replies":[{"embeddable":true,"href":"https:\/\/vdamk.hu\/index.php?rest_route=%2Fwp%2Fv2%2Fcomments&post=561"}],"version-history":[{"count":3,"href":"https:\/\/vdamk.hu\/index.php?rest_route=\/wp\/v2\/pages\/561\/revisions"}],"predecessor-version":[{"id":581,"href":"https:\/\/vdamk.hu\/index.php?rest_route=\/wp\/v2\/pages\/561\/revisions\/581"}],"up":[{"embeddable":true,"href":"https:\/\/vdamk.hu\/index.php?rest_route=\/wp\/v2\/pages\/12"}],"wp:attachment":[{"href":"https:\/\/vdamk.hu\/index.php?rest_route=%2Fwp%2Fv2%2Fmedia&parent=561"}],"curies":[{"name":"wp","href":"https:\/\/api.w.org\/{rel}","templated":true}]}}

Névadónkról

<h1><img loading="lazy" decoding="async" alt="varga.domokos" src="http://kutyafuluek.hu/wp-content/uploads/2014/02/varga.domokos.jpg" width="250" height="300" /></h1>
<p>(Kunszentmiklós, 1922. október 8. – Budapest, 2002. május 12.) magyar író, újságíró.<br />
Varga Tamás matematikatanár testvére. (családnév: Vargha)</p>
<h2>Élete</h2>
<p>A József Nádor Műegyetem Erdőmérnöki Karán szerzett diplomát 1944-ben.<br />
1945-1946-ban Debrecenben mérnök, 1946-tól a debreceni Néplap munkatársa.<br />
1947-től a Cserkészfiúk, a Március Tizenötödike szerkesztője.<br />
1948-1949-ben a Szabad Népnél, később, 1954-1956 között az Irodalmi Újságnál dolgozott.<br />
1949-1952 között a Magyar Rádió munkatársa, utána 2 évig szabadfoglalkozású író.<br />
1950-ben kizárták a pártból, mivel felesége féltestvére volt a Rajk-per egyik vádlottjának.<br />
Az 1953. júniusi politikai fordulat után Nagy Imre reformtörekvéseinek támogatója. A forradalom alatt rádióműsorokat készített.<br />
1956. november 12-én &#8222;Forradalmi Ifjúság&#8221; aláírással szovjetellenes röplapot készített. 1956. november 14-én a KMT ülésén felolvasta Bibó István kibontakozási tervezetét, melyet Tóbiás Áronnal a Magyar Írószövetség (1956) titkárainak jóváhagyásával vittek magukkal az ülésre.<br />
1957. január 20-án letartóztatták. 1957. október 9-én a Legfelsőbb Bíróság 2 év börtönbüntetésre ítélte.<br />
1958-ban szabadult. 1958-1968 között erdőmérnökként dolgozott, majd az Élet és Irodalom munkatársa lett.<br />
1970-től szabadfoglalkozású író.<br />
1992-től a Lyukasóra szerkesztője.</p>
<h2>Díjai</h2>
<ul>
<li>József Attila-díj (1973)</li>
<li>IBBY-díj (1986)</li>
<li>Magyar Köztársasági Érdemrend középkeresztje (1992)</li>
<li>Arany János-díj (1997)</li>
<li>Károli Gáspár-díj (1998)</li>
<li>Kossuth-díj (2002)</li>
</ul>
<h2>Művei</h2>
<ul>
<li>Ormai Árpádné sztahanovista szövőnő élete és munkamódszere (1951)</li>
<li>Pruzsinszky József sztahanovista esztergályos (1951)</li>
<li>Megújhodó magyar tájak (1952)</li>
<li>Édes hazánk (1954)</li>
<li>Ipiapacs (1964)</li>
<li>Kutyafülűek (1966)</li>
<li>Herman Ottó (1967)</li>
<li>Erdőkerülőben (1970)</li>
<li>Magyarország virágzása és romlása (1970)</li>
<li>Népek kenyere (1970)</li>
<li>Kamaszkrónika (1971)</li>
<li>Fiúkfalva (1972)</li>
<li>Ős Napkelet (1973)</li>
<li>Erdei esztendő (1973)</li>
<li>Vizek könyve (1976)</li>
<li>Jó játék a víz, a levegő (1976)</li>
<li>Kölyökkóstolgató (1976)</li>
<li>Tisztelt családom, -od, -ja (1979)</li>
<li>Jó játék a fény, az árnyék (1979)</li>
<li>Aranyhomok (1980)</li>
<li>Vér és arany (1982)</li>
<li>Finn testvéreink (1982)</li>
<li>Bábel tornya (1983)</li>
<li>Ég és Föld (1985)</li>
<li>A világ kereke (1985)</li>
<li>Rejtelmes világ (1990)</li>
<li>Kies Kiskunság, szeretett Szentmiklós (1994)</li>
</ul>

<p>(Kunszentmiklós, 1922. október 8. – Budapest, 2002. május 12.) magyar író, újságíró. Varga Tamás matematikatanár testvére. (családnév: Vargha) Élete A József Nádor Műegyetem Erdőmérnöki Karán szerzett diplomát 1944-ben. 1945-1946-ban Debrecenben mérnök, 1946-tól a debreceni Néplap munkatársa. 1947-től a Cserkészfiúk, a Március Tizenötödike szerkesztője. 1948-1949-ben a Szabad Népnél, később, 1954-1956 között az Irodalmi Újságnál dolgozott. 1949-1952 <a class="read-more" href="https://vdamk.hu/?page_id=561">Read More</a></p>
