{"id":38,"date":"2014-02-22T09:11:26","date_gmt":"2014-02-22T09:11:26","guid":{"rendered":"http:\/\/vdamk.hu\/?page_id=38"},"modified":"2014-11-21T09:39:39","modified_gmt":"2014-11-21T09:39:39","slug":"neptanc","status":"publish","type":"page","link":"https:\/\/vdamk.hu\/?page_id=38","title":{"rendered":"N\u00e9pt\u00e1nc"},"content":{"rendered":"<p style=\"text-align: justify;\">A 130 \u00f3r\u00e1s foglalkoz\u00e1ssorozat n\u00e9gy r\u00e9szre tagol\u00f3dott: ismeretterjeszt\u0151 szakasz, kreat\u00edv szakasz, szintetiz\u00e1l\u00f3 szakasz, marketing szakasz.<\/p>\n<p style=\"text-align: justify;\">A foglalkoz\u00e1sok els\u0151dleges c\u00e9ljak\u00e9nt t\u0171zt\u00fck ki, hogy a n\u00e9pi kult\u00fara hagyom\u00e1nyos t\u00e1ncait megismertesse \u00e9s megszerettesse a gyermekekkel. Tov\u00e1bbi c\u00e9lja pedig a hagyom\u00e1nyos t\u00e1ncok meg\u0151rz\u00e9se \u00e9s m\u0171vel\u00e9se a fiatalok k\u00f6r\u00e9ben \u00e9letkoruknak megfelel\u0151 sz\u00ednvonalon. A foglalkoz\u00e1sokon az \u00e9rt\u00e9kek ir\u00e1nti fog\u00e9konys\u00e1got, a toleranci\u00e1t \u00e9s az egy\u00fcttm\u0171k\u00f6d\u00e9st is fejlesztett\u00fck.<\/p>\n<p style=\"text-align: justify;\">A foglalkoz\u00e1sokra j\u00e1r\u00f3 tanul\u00f3k \u2013 Balanyi D\u00f3ra, Gy\u0151ri Eszter, Hajzer Krist\u00f3f, Hingyi Barbara, J\u00f3ri Szeverin M\u00e1rk, Matics Adrienn, Rozmanit Gerda, Salga R\u00e9ka, Simon Vikt\u00f3ria, T\u00f3th Judit M\u00f3nika, Mizsei Eug\u00e9nia \u2013 a n\u00e9pt\u00e1nc-szakk\u00f6r els\u0151 foglalkoz\u00e1sainak alkalm\u00e1val el\u0151sz\u00f6r magyar t\u00e1jegys\u00e9gekkel, szok\u00e1sokkal, n\u00e9pviseletekkel ismerkedtek meg, majd elk\u00e9sz\u00edtett\u00e9k a viselett\u00e9rk\u00e9pet is. Ezut\u00e1n a magyarorsz\u00e1gi t\u00e1jegys\u00e9gek jellemz\u0151 t\u00e1ncainak (mez\u0151f\u00f6ldi ugr\u00f3s, kan\u00e1szt\u00e1nc, S\u00f6pr\u0171t\u00e1nc, p\u00e1ros ugr\u00f3s, \u00fcveges t\u00e1nc \u00e9s cs\u00e1rd\u00e1s) l\u00e9p\u00e9seit saj\u00e1t\u00edtott\u00e1k el. Miut\u00e1n az alapok megvoltak, beindulhatott a t\u00e1nc. A gyermekek az els\u0151 l\u00e9p\u00e9sek elsaj\u00e1t\u00edt\u00e1s\u00e1t\u00f3l a mot\u00edvumok \u00f6sszef\u0171z\u00e9s\u00e9n \u00e1t a bemutat\u00f3 \u00f6ssze\u00e1ll\u00edt\u00e1s\u00e1ig jutottak el a szakk\u00f6r v\u00e9g\u00e9re. A z\u00e1r\u00f3 el\u0151ad\u00e1son a k\u00f6z\u00f6ns\u00e9gnek is megmutatt\u00e1k a tehets\u00e9g\u00fcket.<\/p>\n<p>&nbsp;<\/p>\n<p>Ivanics L\u00e1szl\u00f3, foglalkoz\u00e1svezet\u0151<\/p>\n<h3><i>[slideshow_deploy id=&#8217;390&#8242;]<\/i><\/h3>\n","protected":false},"excerpt":{"rendered":"<p>A 130 \u00f3r\u00e1s foglalkoz\u00e1ssorozat n\u00e9gy r\u00e9szre tagol\u00f3dott: ismeretterjeszt\u0151 szakasz, kreat\u00edv szakasz, szintetiz\u00e1l\u00f3 szakasz, marketing szakasz. A foglalkoz\u00e1sok els\u0151dleges c\u00e9ljak\u00e9nt t\u0171zt\u00fck ki, hogy a n\u00e9pi kult\u00fara hagyom\u00e1nyos t\u00e1ncait megismertesse \u00e9s megszerettesse a gyermekekkel. Tov\u00e1bbi c\u00e9lja pedig a hagyom\u00e1nyos t\u00e1ncok meg\u0151rz\u00e9se \u00e9s m\u0171vel\u00e9se a fiatalok k\u00f6r\u00e9ben \u00e9letkoruknak megfelel\u0151 sz\u00ednvonalon. A foglalkoz\u00e1sokon az \u00e9rt\u00e9kek ir\u00e1nti fog\u00e9konys\u00e1got, a toleranci\u00e1t <a class=\"read-more\" href=\"https:\/\/vdamk.hu\/?page_id=38\">Read More<\/a><\/p>\n","protected":false},"author":1,"featured_media":0,"parent":18,"menu_order":0,"comment_status":"closed","ping_status":"closed","template":"","meta":{"footnotes":""},"_links":{"self":[{"href":"https:\/\/vdamk.hu\/index.php?rest_route=\/wp\/v2\/pages\/38"}],"collection":[{"href":"https:\/\/vdamk.hu\/index.php?rest_route=\/wp\/v2\/pages"}],"about":[{"href":"https:\/\/vdamk.hu\/index.php?rest_route=\/wp\/v2\/types\/page"}],"author":[{"embeddable":true,"href":"https:\/\/vdamk.hu\/index.php?rest_route=\/wp\/v2\/users\/1"}],"replies":[{"embeddable":true,"href":"https:\/\/vdamk.hu\/index.php?rest_route=%2Fwp%2Fv2%2Fcomments&post=38"}],"version-history":[{"count":5,"href":"https:\/\/vdamk.hu\/index.php?rest_route=\/wp\/v2\/pages\/38\/revisions"}],"predecessor-version":[{"id":1043,"href":"https:\/\/vdamk.hu\/index.php?rest_route=\/wp\/v2\/pages\/38\/revisions\/1043"}],"up":[{"embeddable":true,"href":"https:\/\/vdamk.hu\/index.php?rest_route=\/wp\/v2\/pages\/18"}],"wp:attachment":[{"href":"https:\/\/vdamk.hu\/index.php?rest_route=%2Fwp%2Fv2%2Fmedia&parent=38"}],"curies":[{"name":"wp","href":"https:\/\/api.w.org\/{rel}","templated":true}]}}

Néptánc

<p style="text-align: justify;">A 130 órás foglalkozássorozat négy részre tagolódott: ismeretterjesztő szakasz, kreatív szakasz, szintetizáló szakasz, marketing szakasz.</p>
<p style="text-align: justify;">A foglalkozások elsődleges céljaként tűztük ki, hogy a népi kultúra hagyományos táncait megismertesse és megszerettesse a gyermekekkel. További célja pedig a hagyományos táncok megőrzése és művelése a fiatalok körében életkoruknak megfelelő színvonalon. A foglalkozásokon az értékek iránti fogékonyságot, a toleranciát és az együttműködést is fejlesztettük.</p>
<p style="text-align: justify;">A foglalkozásokra járó tanulók – Balanyi Dóra, Győri Eszter, Hajzer Kristóf, Hingyi Barbara, Jóri Szeverin Márk, Matics Adrienn, Rozmanit Gerda, Salga Réka, Simon Viktória, Tóth Judit Mónika, Mizsei Eugénia – a néptánc-szakkör első foglalkozásainak alkalmával először magyar tájegységekkel, szokásokkal, népviseletekkel ismerkedtek meg, majd elkészítették a viselettérképet is. Ezután a magyarországi tájegységek jellemző táncainak (mezőföldi ugrós, kanásztánc, Söprűtánc, páros ugrós, üveges tánc és csárdás) lépéseit sajátították el. Miután az alapok megvoltak, beindulhatott a tánc. A gyermekek az első lépések elsajátításától a motívumok összefűzésén át a bemutató összeállításáig jutottak el a szakkör végére. A záró előadáson a közönségnek is megmutatták a tehetségüket.</p>
<p>&nbsp;</p>
<p>Ivanics László, foglalkozásvezető</p>
<h3><i>[slideshow_deploy id=&#8217;390&#8242;]</i></h3>

<p>A 130 órás foglalkozássorozat négy részre tagolódott: ismeretterjesztő szakasz, kreatív szakasz, szintetizáló szakasz, marketing szakasz. A foglalkozások elsődleges céljaként tűztük ki, hogy a népi kultúra hagyományos táncait megismertesse és megszerettesse a gyermekekkel. További célja pedig a hagyományos táncok megőrzése és művelése a fiatalok körében életkoruknak megfelelő színvonalon. A foglalkozásokon az értékek iránti fogékonyságot, a toleranciát <a class="read-more" href="https://vdamk.hu/?page_id=38">Read More</a></p>
