{"id":32,"date":"2014-02-22T09:10:21","date_gmt":"2014-02-22T09:10:21","guid":{"rendered":"http:\/\/vdamk.hu\/?page_id=32"},"modified":"2014-11-21T09:36:00","modified_gmt":"2014-11-21T09:36:00","slug":"fazekassag","status":"publish","type":"page","link":"https:\/\/vdamk.hu\/?page_id=32","title":{"rendered":"Fazekass\u00e1g"},"content":{"rendered":"<p style=\"text-align: justify;\">A 138 \u00f3r\u00e1s foglalkoz\u00e1ssorozat n\u00e9gy r\u00e9szre tagol\u00f3dott: ismeretterjeszt\u0151 szakasz, kreat\u00edv szakasz, szintetiz\u00e1l\u00f3 szakasz, marketing szakasz.<\/p>\n<p style=\"text-align: justify;\">A foglalkoz\u00e1ssorozat c\u00e9lja volt a fazekass\u00e1g t\u00f6rt\u00e9net\u00e9nek, hagyom\u00e1nyainak, eszk\u00f6zeinek megismertet\u00e9se a gyermekekkel, \u00e9s a fazekas \u00e1ltal k\u00e9sz\u00edtett term\u00e9kek tanulm\u00e1nyoz\u00e1sa, egyszer\u0171 fazekas term\u00e9kek k\u00e9sz\u00edt\u00e9se. Tov\u00e1bbi c\u00e9lk\u00e9nt t\u0171zt\u00fck ki, hogy a tanul\u00f3k tegyenek szert alapvet\u0151 mesters\u00e9gbeli tud\u00e1sra, ismerj\u00e9k meg a t\u00e1rgyform\u00e1l\u00e1s anyagait, a felhaszn\u00e1lt anyagok tulajdons\u00e1gait, a ker\u00e1miat\u00e1rgyak k\u00e9sz\u00edt\u00e9s\u00e9nek folyamat\u00e1t a tervt\u0151l a k\u00e9sz munk\u00e1ig.<\/p>\n<p style=\"text-align: justify;\">A tanul\u00f3k \u2013 Nagy Edina, Szab\u00f3 M\u00f3nika, Koml\u00f3sdi G\u00e1bor, Cs\u00e1nyi Attila, Petreczki Bianka, J\u00f3ri Kriszti\u00e1n Gy\u00f6rgy, Zsig\u00e1r Regina, Gy\u0151ri Eszter, Orgon\u00e1s Laura, J\u00f3ri Szeverin, Somogyi Kata \u2013 a m\u00e1sf\u00e9l \u00e9ves munka sor\u00e1n elsaj\u00e1t\u00edtott\u00e1k j\u00e1t\u00e9kos m\u00f3don a fazekas t\u00e1rgyak elk\u00e9sz\u00edt\u00e9s\u00e9nek hagyom\u00e1nyait \u00e9s gyakorlati m\u00f3dszereit, amely k\u00f6zben sz\u00e1mos tapasztalatra \u00e9s \u00e9lm\u00e9nyre tettek szert. A fazekas kemence fel\u00e9p\u00edt\u00e9se \u00e9s m\u0171k\u00f6d\u00e9s\u00e9nek megismer\u00e9se ut\u00e1n gyakorlatban saj\u00e1t\u00edtott\u00e1k el a korongoz\u00e1s fog\u00e1sait. Felrak\u00e1ssal nagyobb m\u00e9ret\u0171 ed\u00e9nyek k\u00e9sz\u00edt\u00e9s\u00e9re is sor ker\u00fclt. A j\u00f3l meg\u00e9rdemelt munka gy\u00fcm\u00f6lcse az \u00e9get\u00e9sek ut\u00e1n j\u00f6tt el.<\/p>\n<p style=\"text-align: justify;\">A tanul\u00f3k a fazekass\u00e1g foglalkoz\u00e1ssorozat v\u00e9g\u00e9re fazekass\u00e1g ter\u00fclet\u00e9n megszerezt\u00e9k a mesters\u00e9gbeli tud\u00e1s alapjait, fejl\u0151d\u00f6tt kreativit\u00e1suk, a n\u00e9pm\u0171v\u00e9szet ir\u00e1nti nyitott magatart\u00e1suk, kialakult a m\u0171vel\u0151d\u00e9s ir\u00e1nti ig\u00e9ny, \u00e9s fejl\u0151d\u00f6tt a gyermekek m\u0171v\u00e9szi \u00e9rt\u00e9k ir\u00e1nti tisztelete. A foglalkoz\u00e1s \u00f6szt\u00f6nz\u0151leg hatott a tanul\u00f3k rendszeres ki\u00e1ll\u00edt\u00e1s- \u00e9s m\u00fazeuml\u00e1togat\u00e1s ir\u00e1nti ig\u00e9ny\u00e9re is.<\/p>\n<p>&nbsp;<\/p>\n<p>Honti Rita, foglalkoz\u00e1svezet\u0151<\/p>\n<p><i>[slideshow_deploy id=&#8217;1034&#8242;]<\/i><\/p>\n","protected":false},"excerpt":{"rendered":"<p>A 138 \u00f3r\u00e1s foglalkoz\u00e1ssorozat n\u00e9gy r\u00e9szre tagol\u00f3dott: ismeretterjeszt\u0151 szakasz, kreat\u00edv szakasz, szintetiz\u00e1l\u00f3 szakasz, marketing szakasz. A foglalkoz\u00e1ssorozat c\u00e9lja volt a fazekass\u00e1g t\u00f6rt\u00e9net\u00e9nek, hagyom\u00e1nyainak, eszk\u00f6zeinek megismertet\u00e9se a gyermekekkel, \u00e9s a fazekas \u00e1ltal k\u00e9sz\u00edtett term\u00e9kek tanulm\u00e1nyoz\u00e1sa, egyszer\u0171 fazekas term\u00e9kek k\u00e9sz\u00edt\u00e9se. Tov\u00e1bbi c\u00e9lk\u00e9nt t\u0171zt\u00fck ki, hogy a tanul\u00f3k tegyenek szert alapvet\u0151 mesters\u00e9gbeli tud\u00e1sra, ismerj\u00e9k meg a t\u00e1rgyform\u00e1l\u00e1s anyagait, <a class=\"read-more\" href=\"https:\/\/vdamk.hu\/?page_id=32\">Read More<\/a><\/p>\n","protected":false},"author":1,"featured_media":0,"parent":18,"menu_order":0,"comment_status":"closed","ping_status":"closed","template":"","meta":{"footnotes":""},"_links":{"self":[{"href":"https:\/\/vdamk.hu\/index.php?rest_route=\/wp\/v2\/pages\/32"}],"collection":[{"href":"https:\/\/vdamk.hu\/index.php?rest_route=\/wp\/v2\/pages"}],"about":[{"href":"https:\/\/vdamk.hu\/index.php?rest_route=\/wp\/v2\/types\/page"}],"author":[{"embeddable":true,"href":"https:\/\/vdamk.hu\/index.php?rest_route=\/wp\/v2\/users\/1"}],"replies":[{"embeddable":true,"href":"https:\/\/vdamk.hu\/index.php?rest_route=%2Fwp%2Fv2%2Fcomments&post=32"}],"version-history":[{"count":4,"href":"https:\/\/vdamk.hu\/index.php?rest_route=\/wp\/v2\/pages\/32\/revisions"}],"predecessor-version":[{"id":1040,"href":"https:\/\/vdamk.hu\/index.php?rest_route=\/wp\/v2\/pages\/32\/revisions\/1040"}],"up":[{"embeddable":true,"href":"https:\/\/vdamk.hu\/index.php?rest_route=\/wp\/v2\/pages\/18"}],"wp:attachment":[{"href":"https:\/\/vdamk.hu\/index.php?rest_route=%2Fwp%2Fv2%2Fmedia&parent=32"}],"curies":[{"name":"wp","href":"https:\/\/api.w.org\/{rel}","templated":true}]}}

Fazekasság

<p style="text-align: justify;">A 138 órás foglalkozássorozat négy részre tagolódott: ismeretterjesztő szakasz, kreatív szakasz, szintetizáló szakasz, marketing szakasz.</p>
<p style="text-align: justify;">A foglalkozássorozat célja volt a fazekasság történetének, hagyományainak, eszközeinek megismertetése a gyermekekkel, és a fazekas által készített termékek tanulmányozása, egyszerű fazekas termékek készítése. További célként tűztük ki, hogy a tanulók tegyenek szert alapvető mesterségbeli tudásra, ismerjék meg a tárgyformálás anyagait, a felhasznált anyagok tulajdonságait, a kerámiatárgyak készítésének folyamatát a tervtől a kész munkáig.</p>
<p style="text-align: justify;">A tanulók – Nagy Edina, Szabó Mónika, Komlósdi Gábor, Csányi Attila, Petreczki Bianka, Jóri Krisztián György, Zsigár Regina, Győri Eszter, Orgonás Laura, Jóri Szeverin, Somogyi Kata – a másfél éves munka során elsajátították játékos módon a fazekas tárgyak elkészítésének hagyományait és gyakorlati módszereit, amely közben számos tapasztalatra és élményre tettek szert. A fazekas kemence felépítése és működésének megismerése után gyakorlatban sajátították el a korongozás fogásait. Felrakással nagyobb méretű edények készítésére is sor került. A jól megérdemelt munka gyümölcse az égetések után jött el.</p>
<p style="text-align: justify;">A tanulók a fazekasság foglalkozássorozat végére fazekasság területén megszerezték a mesterségbeli tudás alapjait, fejlődött kreativitásuk, a népművészet iránti nyitott magatartásuk, kialakult a művelődés iránti igény, és fejlődött a gyermekek művészi érték iránti tisztelete. A foglalkozás ösztönzőleg hatott a tanulók rendszeres kiállítás- és múzeumlátogatás iránti igényére is.</p>
<p>&nbsp;</p>
<p>Honti Rita, foglalkozásvezető</p>
<p><i>[slideshow_deploy id=&#8217;1034&#8242;]</i></p>

<p>A 138 órás foglalkozássorozat négy részre tagolódott: ismeretterjesztő szakasz, kreatív szakasz, szintetizáló szakasz, marketing szakasz. A foglalkozássorozat célja volt a fazekasság történetének, hagyományainak, eszközeinek megismertetése a gyermekekkel, és a fazekas által készített termékek tanulmányozása, egyszerű fazekas termékek készítése. További célként tűztük ki, hogy a tanulók tegyenek szert alapvető mesterségbeli tudásra, ismerjék meg a tárgyformálás anyagait, <a class="read-more" href="https://vdamk.hu/?page_id=32">Read More</a></p>
