{"id":24,"date":"2014-02-22T09:08:30","date_gmt":"2014-02-22T09:08:30","guid":{"rendered":"http:\/\/vdamk.hu\/?page_id=24"},"modified":"2014-11-21T09:26:18","modified_gmt":"2014-11-21T09:26:18","slug":"beszelo-babok","status":"publish","type":"page","link":"https:\/\/vdamk.hu\/?page_id=24","title":{"rendered":"&#8222;Besz\u00e9l\u0151 B\u00e1bok&#8221;"},"content":{"rendered":"<p style=\"text-align: justify;\">A 130 \u00f3r\u00e1s foglalkoz\u00e1ssorozat n\u00e9gy r\u00e9szre tagol\u00f3dott: ismeretterjeszt\u0151 szakasz, kreat\u00edv szakasz, szintetiz\u00e1l\u00f3 szakasz, marketing szakasz.<\/p>\n<p style=\"text-align: justify;\">A foglalkoz\u00e1sokon els\u0151dleges c\u00e9lunk volt a csoda \u00e1t\u00e9l\u00e9se \u00e9rz\u00e9s\u00e9nek megismertet\u00e9se a gyermekekkel. A b\u00e1bj\u00e1t\u00e9k csod\u00e1latos, mert az \u00e9lettelen b\u00e1bu megelevenedik, s ez a csoda \u00fajb\u00f3l \u00e1t\u00e9lhet\u0151 val\u00f3s\u00e1gg\u00e1 v\u00e1lik. A var\u00e1zslat a gyermek el\u0151tt t\u00f6rt\u00e9nik meg, s m\u00e9g akkor is \u00e9lvezi, ha a b\u00e1but \u0151 maga mozgatja. A foglalkoz\u00e1sokon a b\u00e1bok seg\u00edtett\u00e9k az \u00e9rzelmek kivet\u00edt\u00e9s\u00e9t, lereag\u00e1l\u00e1s\u00e1t, elfojtott v\u00e1gyakat, indulatokat, \u00e9rzelmeket ki\u00e9lni, f\u00e9lelmeket feloldani. A b\u00e1bokkal t\u00f6rt\u00e9n\u0151 mese dramatiz\u00e1l\u00e1s, versel\u00e9s, \u00e9nekelget\u00e9s sor\u00e1n fejlesztett\u00fck a gyermekek besz\u00e9dk\u00e9szs\u00e9g\u00e9t, de fant\u00e1zi\u00e1j\u00e1t, gondolkod\u00e1s\u00e1t is.<\/p>\n<p style=\"text-align: justify;\">A foglalkoz\u00e1sokra j\u00e1r\u00f3 tanul\u00f3kkal \u2013 F\u00e1bi\u00e1n G\u00e1bor, Gerencs\u00e9r Liza, Horv\u00e1th Emese, Kerepesi Bettina, Mitr\u00f3 Lili, Nagy Kriszti\u00e1n, \u00d3csai Korn\u00e9l, Par\u00f3czi Lilla, Par\u00f3czi R\u00e9ka, R\u00e1cz Bence, Rupa J\u00f3zsef, Szurma Vivien, Vend\u00e9gh Rebeka &#8211; szakk\u00f6r els\u0151 foglalkoz\u00e1saiba dr\u00e1maj\u00e1t\u00e9kokat \u00e9p\u00edtett\u00fcnk be. Ennek k\u00f6sz\u00f6nhet\u0151en megj\u00f6tt a gyermekek mes\u00e9l\u0151 \u00e9s versmond\u00f3 kedve. M\u00e9g azok is kedvet kaptak a mes\u00e9l\u00e9shez, versel\u00e9shez a b\u00e1bok seg\u00edts\u00e9g\u00e9vel, akik kor\u00e1bban nem, vagy csak kis m\u00e9rt\u00e9kben \u00e9rdekl\u0151dtek a gyermekirodalom e form\u00e1ja ir\u00e1nt.<\/p>\n<p style=\"text-align: justify;\">A b\u00e1bj\u00e1t\u00e9kon kereszt\u00fcl emberi karaktereket is megjelen\u00edtettek a gyermekek, minek nyom\u00e1n megismert\u00e9k a hozz\u00e1juk tartoz\u00f3 fogalmak jelent\u00e9s\u00e9t is (ravasz r\u00f3ka; er\u0151s, \u00e1m igazs\u00e1gos, j\u00f3indulat\u00fa medve; gonosz boszorka\u2026) A b\u00e1boz\u00e1s \u00e9s egy\u00e9b j\u00e1t\u00e9kok sor\u00e1n a hang haszn\u00e1lata is fontos volt sz\u00e1munkra, amit att\u00f3l f\u00fcgg\u0151en v\u00e1ltogattunk, hogy pici vagy nagy, aranyos vagy gonosz, f\u00e9rfi vagy n\u0151i alak az, akit \u00e9ppen megform\u00e1ltunk.<\/p>\n<p style=\"text-align: justify;\">A Besz\u00e9l\u0151 b\u00e1bok foglalkoz\u00e1s p\u00e1rhuzamosan haladt a B\u00e1bk\u00e9sz\u00edt\u00e9s foglalkoz\u00e1ssal. E k\u00e9t kreat\u00edv ter\u00fclet teljes m\u00e9rt\u00e9ben egym\u00e1sra \u00e9p\u00fcl\u0151 \u00e9s egym\u00e1st kieg\u00e9sz\u00edt\u0151 dr\u00e1mai \u00e9s eszt\u00e9tikai momentumokat \u00e9p\u00edtett be a munk\u00e1j\u00e1ba.<\/p>\n<p>Kov\u00e1csn\u00e9 T\u00f3th Szilvia \u00a0\u00a0\u00a0\u00a0\u00a0\u00a0\u00a0\u00a0\u00a0\u00a0\u00a0\u00a0\u00a0\u00a0\u00a0\u00a0\u00a0\u00a0\u00a0\u00a0\u00a0\u00a0 Luk\u00e1csin\u00e9 Korm\u00e1nyos \u00c1gnes \u00a0\u00a0\u00a0\u00a0\u00a0\u00a0\u00a0\u00a0\u00a0\u00a0 \u00a0\u00a0\u00a0\u00a0\u00a0\u00a0\u00a0\u00a0\u00a0\u00a0\u00a0 Szab\u00f3n\u00e9 Balogh Erzs\u00e9bet<\/p>\n<p>foglalkoz\u00e1svezet\u0151k<\/p>\n<h3><i style=\"font-size: 13px;\">[slideshow_deploy id=&#8217;306&#8242;]<\/i><\/h3>\n","protected":false},"excerpt":{"rendered":"<p>A 130 \u00f3r\u00e1s foglalkoz\u00e1ssorozat n\u00e9gy r\u00e9szre tagol\u00f3dott: ismeretterjeszt\u0151 szakasz, kreat\u00edv szakasz, szintetiz\u00e1l\u00f3 szakasz, marketing szakasz. A foglalkoz\u00e1sokon els\u0151dleges c\u00e9lunk volt a csoda \u00e1t\u00e9l\u00e9se \u00e9rz\u00e9s\u00e9nek megismertet\u00e9se a gyermekekkel. A b\u00e1bj\u00e1t\u00e9k csod\u00e1latos, mert az \u00e9lettelen b\u00e1bu megelevenedik, s ez a csoda \u00fajb\u00f3l \u00e1t\u00e9lhet\u0151 val\u00f3s\u00e1gg\u00e1 v\u00e1lik. A var\u00e1zslat a gyermek el\u0151tt t\u00f6rt\u00e9nik meg, s m\u00e9g akkor is \u00e9lvezi, <a class=\"read-more\" href=\"https:\/\/vdamk.hu\/?page_id=24\">Read More<\/a><\/p>\n","protected":false},"author":1,"featured_media":0,"parent":18,"menu_order":0,"comment_status":"closed","ping_status":"open","template":"","meta":{"footnotes":""},"_links":{"self":[{"href":"https:\/\/vdamk.hu\/index.php?rest_route=\/wp\/v2\/pages\/24"}],"collection":[{"href":"https:\/\/vdamk.hu\/index.php?rest_route=\/wp\/v2\/pages"}],"about":[{"href":"https:\/\/vdamk.hu\/index.php?rest_route=\/wp\/v2\/types\/page"}],"author":[{"embeddable":true,"href":"https:\/\/vdamk.hu\/index.php?rest_route=\/wp\/v2\/users\/1"}],"replies":[{"embeddable":true,"href":"https:\/\/vdamk.hu\/index.php?rest_route=%2Fwp%2Fv2%2Fcomments&post=24"}],"version-history":[{"count":9,"href":"https:\/\/vdamk.hu\/index.php?rest_route=\/wp\/v2\/pages\/24\/revisions"}],"predecessor-version":[{"id":1021,"href":"https:\/\/vdamk.hu\/index.php?rest_route=\/wp\/v2\/pages\/24\/revisions\/1021"}],"up":[{"embeddable":true,"href":"https:\/\/vdamk.hu\/index.php?rest_route=\/wp\/v2\/pages\/18"}],"wp:attachment":[{"href":"https:\/\/vdamk.hu\/index.php?rest_route=%2Fwp%2Fv2%2Fmedia&parent=24"}],"curies":[{"name":"wp","href":"https:\/\/api.w.org\/{rel}","templated":true}]}}

&#8222;Beszélő Bábok&#8221;

<p style="text-align: justify;">A 130 órás foglalkozássorozat négy részre tagolódott: ismeretterjesztő szakasz, kreatív szakasz, szintetizáló szakasz, marketing szakasz.</p>
<p style="text-align: justify;">A foglalkozásokon elsődleges célunk volt a csoda átélése érzésének megismertetése a gyermekekkel. A bábjáték csodálatos, mert az élettelen bábu megelevenedik, s ez a csoda újból átélhető valósággá válik. A varázslat a gyermek előtt történik meg, s még akkor is élvezi, ha a bábut ő maga mozgatja. A foglalkozásokon a bábok segítették az érzelmek kivetítését, lereagálását, elfojtott vágyakat, indulatokat, érzelmeket kiélni, félelmeket feloldani. A bábokkal történő mese dramatizálás, verselés, énekelgetés során fejlesztettük a gyermekek beszédkészségét, de fantáziáját, gondolkodását is.</p>
<p style="text-align: justify;">A foglalkozásokra járó tanulókkal – Fábián Gábor, Gerencsér Liza, Horváth Emese, Kerepesi Bettina, Mitró Lili, Nagy Krisztián, Ócsai Kornél, Paróczi Lilla, Paróczi Réka, Rácz Bence, Rupa József, Szurma Vivien, Vendégh Rebeka &#8211; szakkör első foglalkozásaiba drámajátékokat építettünk be. Ennek köszönhetően megjött a gyermekek mesélő és versmondó kedve. Még azok is kedvet kaptak a meséléshez, verseléshez a bábok segítségével, akik korábban nem, vagy csak kis mértékben érdeklődtek a gyermekirodalom e formája iránt.</p>
<p style="text-align: justify;">A bábjátékon keresztül emberi karaktereket is megjelenítettek a gyermekek, minek nyomán megismerték a hozzájuk tartozó fogalmak jelentését is (ravasz róka; erős, ám igazságos, jóindulatú medve; gonosz boszorka…) A bábozás és egyéb játékok során a hang használata is fontos volt számunkra, amit attól függően váltogattunk, hogy pici vagy nagy, aranyos vagy gonosz, férfi vagy női alak az, akit éppen megformáltunk.</p>
<p style="text-align: justify;">A Beszélő bábok foglalkozás párhuzamosan haladt a Bábkészítés foglalkozással. E két kreatív terület teljes mértében egymásra épülő és egymást kiegészítő drámai és esztétikai momentumokat épített be a munkájába.</p>
<p>Kovácsné Tóth Szilvia                        Lukácsiné Kormányos Ágnes                        Szabóné Balogh Erzsébet</p>
<p>foglalkozásvezetők</p>
<h3><i style="font-size: 13px;">[slideshow_deploy id=&#8217;306&#8242;]</i></h3>

<p>A 130 órás foglalkozássorozat négy részre tagolódott: ismeretterjesztő szakasz, kreatív szakasz, szintetizáló szakasz, marketing szakasz. A foglalkozásokon elsődleges célunk volt a csoda átélése érzésének megismertetése a gyermekekkel. A bábjáték csodálatos, mert az élettelen bábu megelevenedik, s ez a csoda újból átélhető valósággá válik. A varázslat a gyermek előtt történik meg, s még akkor is élvezi, <a class="read-more" href="https://vdamk.hu/?page_id=24">Read More</a></p>
