{"id":1255,"date":"2015-10-20T07:00:42","date_gmt":"2015-10-20T07:00:42","guid":{"rendered":"http:\/\/vdamk.hu\/?page_id=1255"},"modified":"2015-10-20T07:07:07","modified_gmt":"2015-10-20T07:07:07","slug":"alapitvanyunk","status":"publish","type":"page","link":"https:\/\/vdamk.hu\/?page_id=1255","title":{"rendered":"Alap\u00edtv\u00e1nyunk"},"content":{"rendered":"<p><strong>Alap\u00edtv\u00e1nyunk neve<\/strong>: \u00c9letfa Alap\u00edtv\u00e1ny<\/p>\n<p><strong>Ad\u00f3sz\u00e1munk<\/strong>: 18360378-1-03<\/p>\n<p><strong>Banksz\u00e1mlasz\u00e1munk<\/strong>: 52800038-10302396<\/p>\n<p style=\"text-align: justify;\">Az alap\u00edtv\u00e1nyt az\u00e9rt hoztuk l\u00e9tre, hogy a bev\u00e9telekb\u0151l t\u00e1mogatni tudjuk az \u00f3vod\u00e1nkba j\u00e1r\u00f3 gyermekek nevel\u00e9s\u00e9t el\u0151seg\u00edt\u0151 eszk\u00f6z\u00f6k beszerz\u00e9s\u00e9t.\u00a0R\u00e9szt vesz\u00fcnk a civil szervezeteknek ki\u00edrt p\u00e1ly\u00e1zatokon is, ez\u00e1ltal b\u0151v\u00edteni tudjuk a k\u00fcl- \u00e9s belt\u00e9ri j\u00e1t\u00e9kk\u00e9szlet\u00fcnket.\u00a0K\u00e9rj\u00fck a sz\u00fcl\u0151ket, hogy ad\u00f3juk 1%-\u00e1t az alap\u00edtv\u00e1nyunk sz\u00e1m\u00e1ra aj\u00e1nlj\u00e1k fel!\u00a0Az alap\u00edtv\u00e1ny m\u0171k\u00f6d\u00e9s\u00e9t a kurat\u00f3rium tagjai d\u00edjaz\u00e1s n\u00e9lk\u00fcl seg\u00edtik.<\/p>\n","protected":false},"excerpt":{"rendered":"<p>Alap\u00edtv\u00e1nyunk neve: \u00c9letfa Alap\u00edtv\u00e1ny Ad\u00f3sz\u00e1munk: 18360378-1-03 Banksz\u00e1mlasz\u00e1munk: 52800038-10302396 Az alap\u00edtv\u00e1nyt az\u00e9rt hoztuk l\u00e9tre, hogy a bev\u00e9telekb\u0151l t\u00e1mogatni tudjuk az \u00f3vod\u00e1nkba j\u00e1r\u00f3 gyermekek nevel\u00e9s\u00e9t el\u0151seg\u00edt\u0151 eszk\u00f6z\u00f6k beszerz\u00e9s\u00e9t.\u00a0R\u00e9szt vesz\u00fcnk a civil szervezeteknek ki\u00edrt p\u00e1ly\u00e1zatokon is, ez\u00e1ltal b\u0151v\u00edteni tudjuk a k\u00fcl- \u00e9s belt\u00e9ri j\u00e1t\u00e9kk\u00e9szlet\u00fcnket.\u00a0K\u00e9rj\u00fck a sz\u00fcl\u0151ket, hogy ad\u00f3juk 1%-\u00e1t az alap\u00edtv\u00e1nyunk sz\u00e1m\u00e1ra aj\u00e1nlj\u00e1k fel!\u00a0Az alap\u00edtv\u00e1ny m\u0171k\u00f6d\u00e9s\u00e9t a kurat\u00f3rium <a class=\"read-more\" href=\"https:\/\/vdamk.hu\/?page_id=1255\">Read More<\/a><\/p>\n","protected":false},"author":1,"featured_media":0,"parent":740,"menu_order":0,"comment_status":"closed","ping_status":"closed","template":"","meta":{"footnotes":""},"_links":{"self":[{"href":"https:\/\/vdamk.hu\/index.php?rest_route=\/wp\/v2\/pages\/1255"}],"collection":[{"href":"https:\/\/vdamk.hu\/index.php?rest_route=\/wp\/v2\/pages"}],"about":[{"href":"https:\/\/vdamk.hu\/index.php?rest_route=\/wp\/v2\/types\/page"}],"author":[{"embeddable":true,"href":"https:\/\/vdamk.hu\/index.php?rest_route=\/wp\/v2\/users\/1"}],"replies":[{"embeddable":true,"href":"https:\/\/vdamk.hu\/index.php?rest_route=%2Fwp%2Fv2%2Fcomments&post=1255"}],"version-history":[{"count":2,"href":"https:\/\/vdamk.hu\/index.php?rest_route=\/wp\/v2\/pages\/1255\/revisions"}],"predecessor-version":[{"id":1257,"href":"https:\/\/vdamk.hu\/index.php?rest_route=\/wp\/v2\/pages\/1255\/revisions\/1257"}],"up":[{"embeddable":true,"href":"https:\/\/vdamk.hu\/index.php?rest_route=\/wp\/v2\/pages\/740"}],"wp:attachment":[{"href":"https:\/\/vdamk.hu\/index.php?rest_route=%2Fwp%2Fv2%2Fmedia&parent=1255"}],"curies":[{"name":"wp","href":"https:\/\/api.w.org\/{rel}","templated":true}]}}

Alapítványunk

<p><strong>Alapítványunk neve</strong>: Életfa Alapítvány</p>
<p><strong>Adószámunk</strong>: 18360378-1-03</p>
<p><strong>Bankszámlaszámunk</strong>: 52800038-10302396</p>
<p style="text-align: justify;">Az alapítványt azért hoztuk létre, hogy a bevételekből támogatni tudjuk az óvodánkba járó gyermekek nevelését elősegítő eszközök beszerzését. Részt veszünk a civil szervezeteknek kiírt pályázatokon is, ezáltal bővíteni tudjuk a kül- és beltéri játékkészletünket. Kérjük a szülőket, hogy adójuk 1%-át az alapítványunk számára ajánlják fel! Az alapítvány működését a kuratórium tagjai díjazás nélkül segítik.</p>

<p>Alapítványunk neve: Életfa Alapítvány Adószámunk: 18360378-1-03 Bankszámlaszámunk: 52800038-10302396 Az alapítványt azért hoztuk létre, hogy a bevételekből támogatni tudjuk az óvodánkba járó gyermekek nevelését elősegítő eszközök beszerzését. Részt veszünk a civil szervezeteknek kiírt pályázatokon is, ezáltal bővíteni tudjuk a kül- és beltéri játékkészletünket. Kérjük a szülőket, hogy adójuk 1%-át az alapítványunk számára ajánlják fel! Az alapítvány működését a kuratórium <a class="read-more" href="https://vdamk.hu/?page_id=1255">Read More</a></p>
