{"id":1246,"date":"2015-10-20T06:43:56","date_gmt":"2015-10-20T06:43:56","guid":{"rendered":"http:\/\/vdamk.hu\/?page_id=1246"},"modified":"2015-10-20T06:43:56","modified_gmt":"2015-10-20T06:43:56","slug":"kepgaleria-2","status":"publish","type":"page","link":"https:\/\/vdamk.hu\/?page_id=1246","title":{"rendered":"K\u00e9pgal\u00e9ria"},"content":{"rendered":"<p>F\u00e9nyk\u00e9peinket a Damjanich \u00d3voda VD\u00c1MK <strong><a href=\"https:\/\/www.facebook.com\/profile.php?id=100009376123878&amp;ref=ts&amp;fref=ts\"><span style=\"color: #3366ff;\">FACEBOOK<\/span> <\/a><\/strong>oldal\u00e1n tekinthetik meg.<\/p>\n","protected":false},"excerpt":{"rendered":"<p>F\u00e9nyk\u00e9peinket a Damjanich \u00d3voda VD\u00c1MK FACEBOOK oldal\u00e1n tekinthetik meg.<\/p>\n","protected":false},"author":1,"featured_media":0,"parent":740,"menu_order":0,"comment_status":"closed","ping_status":"closed","template":"","meta":{"footnotes":""},"_links":{"self":[{"href":"https:\/\/vdamk.hu\/index.php?rest_route=\/wp\/v2\/pages\/1246"}],"collection":[{"href":"https:\/\/vdamk.hu\/index.php?rest_route=\/wp\/v2\/pages"}],"about":[{"href":"https:\/\/vdamk.hu\/index.php?rest_route=\/wp\/v2\/types\/page"}],"author":[{"embeddable":true,"href":"https:\/\/vdamk.hu\/index.php?rest_route=\/wp\/v2\/users\/1"}],"replies":[{"embeddable":true,"href":"https:\/\/vdamk.hu\/index.php?rest_route=%2Fwp%2Fv2%2Fcomments&post=1246"}],"version-history":[{"count":1,"href":"https:\/\/vdamk.hu\/index.php?rest_route=\/wp\/v2\/pages\/1246\/revisions"}],"predecessor-version":[{"id":1247,"href":"https:\/\/vdamk.hu\/index.php?rest_route=\/wp\/v2\/pages\/1246\/revisions\/1247"}],"up":[{"embeddable":true,"href":"https:\/\/vdamk.hu\/index.php?rest_route=\/wp\/v2\/pages\/740"}],"wp:attachment":[{"href":"https:\/\/vdamk.hu\/index.php?rest_route=%2Fwp%2Fv2%2Fmedia&parent=1246"}],"curies":[{"name":"wp","href":"https:\/\/api.w.org\/{rel}","templated":true}]}}