{"id":1056,"date":"2014-11-21T09:47:24","date_gmt":"2014-11-21T09:47:24","guid":{"rendered":"http:\/\/vdamk.hu\/?page_id=1056"},"modified":"2014-11-21T09:49:07","modified_gmt":"2014-11-21T09:49:07","slug":"sokszorosito-grafika","status":"publish","type":"page","link":"https:\/\/vdamk.hu\/?page_id=1056","title":{"rendered":"Sokszoros\u00edt\u00f3 grafika"},"content":{"rendered":"<p style=\"text-align: justify;\">A 100 \u00f3r\u00e1s foglalkoz\u00e1ssorozat n\u00e9gy r\u00e9szre tagol\u00f3dott: ismeretterjeszt\u0151 szakasz, kreat\u00edv szakasz, szintetiz\u00e1l\u00f3 szakasz, marketing szakasz.<\/p>\n<p style=\"text-align: justify;\">A foglalkoz\u00e1sok c\u00e9lja volt els\u0151sorban a k\u00e9pz\u0151m\u0171v\u00e9szet \u00e9s a vizu\u00e1lis kult\u00fara ir\u00e1nt \u00e9rdekl\u0151d\u0151 tanul\u00f3kkal olyan eszk\u00f6z\u00f6ket \u00e9s technik\u00e1kat megismertetni, amelyeket a tan\u00f3rai keretek k\u00f6z\u00f6tt \u2013 id\u0151 \u00e9s eszk\u00f6z\u00f6k hi\u00e1ny\u00e1ban \u2013 nem, vagy csak alkalomszer\u0171en haszn\u00e1ltak. A r\u00e9gi, t\u00f6bb sz\u00e1z \u00e9ves \u2013 szinte elfeledett \u2013 technik\u00e1k mellett megismerkedtek a modern nyomdai elj\u00e1r\u00e1sokkal. Voltak, amelyeket \u00e9rdekesnek, izgalmasnak, m\u00e1sokat ink\u00e1bb furcs\u00e1nak szokatlannak.<\/p>\n<p style=\"text-align: justify;\">A foglalkoz\u00e1sokon nagy lelkesed\u00e9ssel r\u00e9sztvev\u0151 tanul\u00f3k \u2013 Szab\u00f3 Gerg\u0151, Beny\u00f3 Tam\u00e1s, Szab\u00f3 Dalma, Horv\u00e1th Dorina, Mez\u0151 Henrik, Ordasi Edina, Kov\u00e1cs Vanda, Csabai S\u00e1ndor, Kanyik J\u00e1nos, Luk\u00e1csi D\u00e1niel, Szab\u00f3 M\u00f3nika, J\u00f3ri Szeverin \u2013 az ismeretterjeszt\u0151 szakaszban a grafika alapfogalmaival ismerkedtek meg. A kreat\u00edv szakaszban k\u00fcl\u00f6nb\u00f6z\u0151 nyomatokat (burgonya nyomatok, karton nyomatok), lin\u00f3metszeteket is k\u00e9sz\u00edtettek, elsaj\u00e1t\u00edtott\u00e1k a koll\u00e1zs technik\u00e1t. A legsikeresebb alkot\u00e1sokb\u00f3l ki\u00e1ll\u00edt\u00e1st k\u00e9sz\u00edtett\u00fcnk, ahol b\u00fcszk\u00e9n mutatt\u00e1k be alkot\u00e1saikat az \u00e9rdekl\u0151d\u0151knek.<\/p>\n<p style=\"text-align: justify;\">A foglalkoz\u00e1ssorozat indul\u00e1sakor a szemekben felcsillan\u00f3 k\u00edv\u00e1ncsis\u00e1g \u00e9s alkot\u00f3kedv v\u00e9gig megmaradt \u00e9s a csoportok tagjaib\u00f3l val\u00f3di k\u00f6z\u00f6ss\u00e9g form\u00e1l\u00f3dott. Az alkot\u00e1s \u00f6r\u00f6m\u00e9nek megtapasztal\u00e1sa k\u00f6zben szinte \u00e9szrev\u00e9tlen\u00fcl fejl\u0151d\u00f6tt k\u00e9z\u00fcgyess\u00e9g\u00fck, kreativit\u00e1suk, sz\u00e9p\u00e9rz\u00e9k\u00fck. Ketten a p\u00e1lyav\u00e1laszt\u00e1si terveikbe is belesz\u0151tt\u00e9k az alkalmazott grafik\u00e1t. A foglalkoz\u00e1son r\u00e9sztvev\u0151 tanul\u00f3k val\u00f3di \u00e9rt\u0151iv\u00e9 \u00e9s k\u00f6zvet\u00edt\u0151iv\u00e9 v\u00e1ltak a l\u00e1t\u00e1s nyelv\u00e9nek. Kit\u00e1rult el\u0151tt\u00fck a vil\u00e1g, hiszen a vizu\u00e1lis kommunik\u00e1ci\u00f3 egyetemleges \u00e9s nemzetk\u00f6zi.<\/p>\n<p>Szarka Szilvia, foglalkoz\u00e1svezet\u0151<\/p>\n<p><i>[slideshow_deploy id=&#8217;1058&#8242;]<\/i><\/p>\n","protected":false},"excerpt":{"rendered":"<p>A 100 \u00f3r\u00e1s foglalkoz\u00e1ssorozat n\u00e9gy r\u00e9szre tagol\u00f3dott: ismeretterjeszt\u0151 szakasz, kreat\u00edv szakasz, szintetiz\u00e1l\u00f3 szakasz, marketing szakasz. A foglalkoz\u00e1sok c\u00e9lja volt els\u0151sorban a k\u00e9pz\u0151m\u0171v\u00e9szet \u00e9s a vizu\u00e1lis kult\u00fara ir\u00e1nt \u00e9rdekl\u0151d\u0151 tanul\u00f3kkal olyan eszk\u00f6z\u00f6ket \u00e9s technik\u00e1kat megismertetni, amelyeket a tan\u00f3rai keretek k\u00f6z\u00f6tt \u2013 id\u0151 \u00e9s eszk\u00f6z\u00f6k hi\u00e1ny\u00e1ban \u2013 nem, vagy csak alkalomszer\u0171en haszn\u00e1ltak. A r\u00e9gi, t\u00f6bb sz\u00e1z \u00e9ves <a class=\"read-more\" href=\"https:\/\/vdamk.hu\/?page_id=1056\">Read More<\/a><\/p>\n","protected":false},"author":1,"featured_media":0,"parent":18,"menu_order":0,"comment_status":"closed","ping_status":"closed","template":"","meta":{"footnotes":""},"_links":{"self":[{"href":"https:\/\/vdamk.hu\/index.php?rest_route=\/wp\/v2\/pages\/1056"}],"collection":[{"href":"https:\/\/vdamk.hu\/index.php?rest_route=\/wp\/v2\/pages"}],"about":[{"href":"https:\/\/vdamk.hu\/index.php?rest_route=\/wp\/v2\/types\/page"}],"author":[{"embeddable":true,"href":"https:\/\/vdamk.hu\/index.php?rest_route=\/wp\/v2\/users\/1"}],"replies":[{"embeddable":true,"href":"https:\/\/vdamk.hu\/index.php?rest_route=%2Fwp%2Fv2%2Fcomments&post=1056"}],"version-history":[{"count":2,"href":"https:\/\/vdamk.hu\/index.php?rest_route=\/wp\/v2\/pages\/1056\/revisions"}],"predecessor-version":[{"id":1064,"href":"https:\/\/vdamk.hu\/index.php?rest_route=\/wp\/v2\/pages\/1056\/revisions\/1064"}],"up":[{"embeddable":true,"href":"https:\/\/vdamk.hu\/index.php?rest_route=\/wp\/v2\/pages\/18"}],"wp:attachment":[{"href":"https:\/\/vdamk.hu\/index.php?rest_route=%2Fwp%2Fv2%2Fmedia&parent=1056"}],"curies":[{"name":"wp","href":"https:\/\/api.w.org\/{rel}","templated":true}]}}